t s(i) = -73*i**3 - 8321*i**2 + 127*i + 248. What is s(-114)?
-1234
Let m(v) = v**3 - 12*v**2 - 155*v + 70. Calculate m(22).
1500
Let g(i) = -47*i - 843. Calculate g(-9).
-420
Let t(k) = -132*k**2 + 125*k - 104. Give t(1).
-111
Let t(n) = n**3 + 152*n**2 - 935*n - 3. Give t(6).
75
Let y(p) = 445*p**2 + 51168*p - 784. Give y(-115).
21
Let h(f) = 69*f**2 + 1082*f + 5480. What is h(-5)?
1795
Let c(h) = -18100*h - 1610878. Give c(-89).
22
Let h(u) = 3*u**3 - 840*u**2 + 4793*u - 183700. Calculate h(275).
0
Let c(a) = -3627*a - 61668. Give c(-17).
-9
Let l(s) = 2*s**3 + 7*s**2 + s + 268. Give l(-7).
-82
Let q(j) = 304185*j + 2433469. Determine q(-8).
-11
Let m(r) = 2*r**3 - 45*r**2 + 20*r - 28. Calculate m(22).
-72
Let l(b) = 39*b**3 - 471*b**2 + 107*b - 858. Determine l(12).
-6
Let g(a) = -6*a**2 - 384*a + 5890. Give g(13).
-116
Let m(a) = -8*a**2 - 776*a - 18515. What is m(-49)?
301
Let a(h) = 10*h**2 - 247*h - 1054. Determine a(0).
-1054
Let r(d) = -30*d**2 - 1627*d + 8438. Give r(-59).
1
Let j(w) = w**3 - 347*w**2 - 251*w + 87087. Calculate j(347).
-10
Let s(x) = -x**2 + 43295*x - 5008749. What is s(116)?
15
Let q(k) = 1307920*k + 10463360. What is q(-8)?
0
Let k(x) = 2*x**2 + 1065*x + 91703. Calculate k(-108).
11
Let g(i) = 231861*i. Give g(0).
0
Let p(h) = h**2 - 1777*h + 789439. Give p(895).
49
Let k(y) = 985*y - 5636. Give k(5).
-711
Let s(d) = 5051*d - 732400. Give s(145).
-5
Let k(a) = -1725*a + 251820. Give k(146).
-30
Let n(g) = g**3 + 21*g**2 - 287*g - 115. What is n(-29)?
1480
Let s(t) = 2*t**3 - 171*t**2 - 534*t - 8103. Give s(89).
-182
Let t(y) = 95*y**2 + 24*y + 85. Give t(-3).
868
Let p(v) = v**3 - 10*v**2 + 167*v - 301. Give p(2).
1
Let r(c) = -2*c**3 + 5*c**2 + 24*c - 50. What is r(9)?
-887
Let s(h) = h**2 + 232*h + 11147. What is s(-160)?
-373
Let v(p) = p**2 - 5091*p - 176. Determine v(0).
-176
Let o(p) = 10*p**2 + 81*p + 486. Give o(-6).
360
Let o(u) = 2*u**2 - 66182*u + 1521143. Give o(23).
15
Let y(m) = 957*m - 131114. What is y(137)?
-5
Let g(m) = m**3 + 82*m**2 + 123*m + 3449. Give g(-81).
47
Let l(x) = -x**3 - 21*x**2 + 720*x + 15760. What is l(-22)?
404
Let h(p) = 2*p**2 + 10988*p - 331503. Determine h(30).
-63
Let p(a) = 3*a**3 + 25*a**2 + 29*a + 262. Determine p(-6).
340
Let t(d) = -d**2 - 12404*d - 3925680. Give t(-325).
-5
Let l(d) = 62*d + 5678. Give l(-90).
98
Let v(o) = -8671*o - 346845. What is v(-40)?
-5
Let z(x) = 3087*x - 67966. Give z(22).
-52
Let s(t) = -t**3 + 82*t**2 + 960*t + 537. What is s(-10)?
137
Let z(f) = -453*f - 1626. Determine z(-3).
-267
Let j(o) = 2*o**3 - 23*o**2 - 121*o + 1360. Give j(9).
-134
Let q(p) = 1761*p + 23006. Give q(-13).
113
Let b(i) = 3*i**3 + 397*i**2 - 1137*i - 7702. Determine b(-135).
-7
Let h(b) = -10*b**2 - 45*b + 13. Calculate h(-3).
58
Let m(d) = -d**3 + 7*d**2 - 822*d + 4899. What is m(6)?
3
Let b(n) = 19291*n + 193498. Give b(-10).
588
Let b(a) = 12*a**3 - 61*a**2 - 6810*a + 40457. Give b(6).
-7
Let p(g) = g**2 - 2745*g + 142723. Calculate p(53).
47
Let v(k) = 10091*k - 19573. Calculate v(2).
609
Let j(w) = -1453*w**2 - 5716*w + 377. What is j(-4)?
-7
Let b(j) = 487*j**2 + 148509*j - 7960. Give b(-305).
-30
Let r(h) = -131900*h + 15. Determine r(0).
15
Let j(b) = -4481*b - 44444. Determine j(-10).
366
Let q(s) = -2*s**3 - 674*s**2 + 3005*s + 1012695. What is q(-337)?
10
Let t(k) = 8*k**2 + 159*k - 3165. What is t(15)?
1020
Let h(w) = -4*w**2 + 916*w - 6268. Calculate h(7).
-52
Let k(f) = 271*f + 19741. Give k(-84).
-3023
Let a(i) = i**3 + 8*i**2 + 15*i + 149. Calculate a(-15).
-1651
Let v(c) = 61*c**2 + 961*c - 243. What is v(-16)?
-3
Let f(d) = -2*d**2 + 560*d + 43214. Calculate f(-63).
-4
Let y(w) = 3*w**3 + 40*w**2 + 16*w + 58. Give y(-5).
603
Let i(q) = -224*q - 12990. What is i(-62)?
898
Let l(a) = a**2 - 2332*a + 424476. What is l(199)?
9
Let b(i) = -i**3 - 674*i**2 - 21753*i + 4483. What is b(-640)?
3
Let g(z) = 18*z**3 - 484*z**2 + 1611*z - 3. Determine g(23).
20
Let p(s) = -21*s**2 - 3398*s + 24828. Calculate p(7).
13
Let l(t) = 3*t**3 + 4390*t**2 + 1479*t + 23403. Calculate l(-1463).
-5
Let p(t) = 2*t**3 + 111*t**2 + 260*t + 122. Give p(-53).
387
Let l(d) = 27368*d + 5884133. Give l(-215).
13
Let o(p) = 682*p - 9281. Give o(12).
-1097
Let l(t) = -131*t**2 - 4939*t - 17662. Calculate l(-4).
-2
Let o(y) = -y**2 + 11780*y - 11780. Determine o(1).
-1
Let f(n) = 260*n**2 - 155998*n - 1139. Give f(600).
61
Let h(n) = 40*n**2 + 261*n - 1026. Determine h(4).
658
Let q(o) = 2*o**2 - 2022*o - 51624. Determine q(-25).
176
Let z(q) = q**2 - 167*q + 6909. Give z(97).
119
Let r(x) = 11*x**2 - 1710*x - 503. What is r(156)?
433
Let f(v) = v**3 + 6*v**2 - 1480*v - 8881. Determine f(-6).
-1
Let c(f) = 7*f**2 + 546*f + 397. What is c(-78)?
397
Let j(k) = -k**2 - 7523*k - 37596. Calculate j(-5).
-6
Let q(y) = 5*y**3 - 5*y**2 - 15*y - 22. Calculate q(-2).
-52
Let z(d) = -d**3 - 977*d**2 + 1099*d + 118259. Give z(-978).
-79
Let j(t) = -23337*t - 116652. Determine j(-5).
33
Let f(u) = -136593*u - 683157. Determine f(-5).
-192
Let d(n) = -226*n**2 - 32092*n + 147. Give d(-142).
147
Let d(z) = -3*z**2 + 15*z + 370. What is d(14)?
-8
Let g(y) = 2*y**3 + 130*y**2 - 94*y - 359. Calculate g(-66).
-2867
Let m(g) = -1635*g - 266597. Give m(-163).
-92
Let t(w) = 5*w**3 - 765*w**2 - 767*w - 381. What is t(154)?
81
Let x(u) = u**3 - 3*u**2 - 3078*u - 128. What is x(-54)?
-128
Let t(s) = -145438*s + 436298. Calculate t(3).
-16
Let q(n) = 8*n**3 - 9*n**2 - 7*n + 28. What is q(3)?
142
Let t(k) = -9*k**3 - 741*k**2 - 246*k - 122. Give t(-82).
-122
Let o(g) = -g**3 + 785*g**2 + 3770*g + 142197. Determine o(790).
-3
Let i(d) = -5495*d**2 - 10979*d + 25. Calculate i(-2).
3
Let c(a) = -18*a**2 - 4125*a + 24752. Calculate c(6).
-646
Let v(t) = -t**3 + 10*t**2 + 215*t - 2056. Calculate v(10).
94
Let r(w) = 808*w - 240755. Determine r(298).
29
Let a(j) = j**3 - 43*j**2 - 33*j - 74. Determine a(44).
410
Let c(n) = -3132*n - 147167. Calculate c(-47).
37
Let y(r) = -2*r**2 + 12*r + 11429. Calculate y(76).
789
Let x(k) = -82*k - 1089. Calculate x(-31).
1453
Let b(w) = -w**2 - 14*w + 3351. Give b(51).
36
Let b(v) = -6*v**2 + 158*v - 655. Give b(26).
-603
Let r(o) = -2009*o + 9965. Determine r(5).
-80
Let m(q) = q**3 + 981*q**2 + 1055*q + 73507. Calculate m(-980).
7
Let j(k) = -2*k**3 - 23*k**2 - 6*k + 304. Calculate j(-9).
-47
Let c(y) = 144*y - 3800. Determine c(26).
-56
Let n(x) = -3*x**3 - 33*x**2 + 62*x - 1826. Give n(-15).
-56
Let o(u) = -1191*u + 11952. What is o(11)?
-1149
Let d(x) = x**3 + 13*x**2 + 169*x - 1654. Give d(9).
1649
Let n(j) = 15*j + 1659. Determine n(-16).
1419
Let w(v) = 947*v + 799. Give w(-2).
-1095
Let r(w) = 123862*w - 123870. Determine r(1).
-8
Let i(x) = x**2 + 5518*x - 2348235. Calculate i(397).
20
Let m(i) = -77407*i - 541938. Determine m(-7).
-89
Let w(x) = -282*x + 17992. Determine w(64).
-56
Let m(l) = -3*l**3 + 58*l**2 + 4472*l - 88642. Give m(20).
-2
Let f(j) = -4*j**2 + 1560*j + 12203. Determine f(397).
1087
Let k(w) = w**2 + 4169*w + 222205. Calculate k(-54).
-5
Let t(u) = u**3 - 172*u**2 - 880*u - 683. What is t(177)?
202
Let x(r) = r**2 - 2051*r - 30905. Give x(-15).
85
Let w(p) = -11*p**2 - 75*p + 2375. Calculate w(13).
-459
Let g(y) = 4*y**2 + 291*y + 261. Give g(-72).
45
Let j(v) = 2100*v - 6285. Calculate j(3).
15
Let l(q) = -q**2 + 87*q + 7068. What is l(130)?
1478
Let r(c) = -c**3 - 62*c**2 - 898*c + 92. Calculate r(-23).
115
Let s(y) = -4*y**3 - 5*y**2 + 7393*y + 22167. Give s(-3).
51
Let h(b) = -b**2 - 6*b + 19668. Give h(-132).
3036
Let v(d) = d**3 - 39*d**2 + 130*d + 47. Determine v(4).
7
Let j(w) = 3039*w + 3005615. Determine j(-989).
44
Let j(u) = 4*u**3 - 710*u**2 + 1367*u - 54738. Determine j(176).
-2
Let j(s) = 472*s**2 - 752*s + 2239. Calculate j(3).
4231
Let h(a) = 2*a**2 - 8544*a + 463865. Calculate h(55).
-5
Let r(h) = 385*h - 1944. Determine r(5).
-19
Let l(n) = 13*n**3 - 289*n**2 + 1379*n + 56. What is l(7)?
7
Let s(v) = v**2 - 3*v - 1945. Determine s(-42).
-55
Let n(h) = h**2 + 7778*h + 309545. Give n(-40).
25
Let r(w) = -37*w**3 - 68*w**2 - 16*w + 4. Calculate r(2).
-596
Let b(t) = t**3 + 33*t**2 + 156*t + 4201. Give b(-32).
233
Let q(v) = -v**3 + 71*v**2 - 814*v + 1522. Calculate q(57).
610
Let t(l) = -8174*l + 401852. Give t(49).
1326
Let h(